f b and i?
18
Suppose -3*r + 205 = 4*v, 0*r = -r - 1. Let l = v - 28. Calculate the greatest common divisor of l and 16.
8
Suppose 4*c - 3*b + 69 = 168, -3*c = b - 84. Calculate the highest common factor of 36 and c.
9
Let j = 146 - 143. What is the greatest common divisor of j and 5?
1
Let b(t) = -t + 8. Let p be b(-6). Suppose -5*h + 0*h = -20. Let w(j) = j**2 - j + 2. Let d be w(h). What is the greatest common divisor of p and d?
14
Let p be (-1)/4 - (-9)/(-8)*-26. Calculate the greatest common factor of 319 and p.
29
Let y(x) = 253*x. Let j(k) = k**2 - 12*k - 12. Let h be j(13). Let m be y(h). Calculate the greatest common divisor of m and 23.
23
Let c be (((-12)/(-1))/3)/(-1). Let a(u) = -19*u + 4. Let z be a(c). Let o = z + -56. What is the highest common divisor of 6 and o?
6
Let d(g) = -6 + 3*g**2 - g**2 + 21*g - 13*g. Let v be d(-6). Calculate the greatest common factor of 162 and v.
18
Let n = 2 + -5. Let k(c) = c**2 + 4*c + 1 + 2 + c**2. Let f be k(n). Calculate the greatest common factor of f and 99.
9
Let f(o) = -4*o - 30. Let d be f(-20). Calculate the highest common factor of d and 30.
10
Let m be (-2)/(-6) - 88/(-6). Suppose 0 = 2*h - 7*h + 105. Let w be 2/(-7) - (-1266)/h. What is the greatest common factor of m and w?
15
Let k(n) = n**3 + 7*n**2 + 7*n + 4. Let c be k(-5). Let i(o) = 52*o**2 - 2*o - 3. Let r be i(-2). What is the greatest common factor of r and c?
19
Suppose -1 = 2*o + 5*d, 2*o + 0*o - 4*d = 8. Suppose -5*u - 2 = 3, 4*u + 44 = o*f. What is the greatest common divisor of 40 and f?
20
Let t = -2 + 4. Let h be (0 - (0 - -1))/(-1). Suppose -4*y = -h - 15. Calculate the greatest common divisor of t and y.
2
Let q be (3 + 12/(-3))/(-1). Let i be (-11*q)/((-6)/6). What is the highest common divisor of 11 and i?
11
Let a(q) = 3*q - 1. Let n be a(1). Let o = n - -1. Calculate the highest common factor of o and 9.
3
Let r be 10/2 + (-3)/3. Suppose -r*p - 3*o + 77 = 0, 4*p - 4*o = -5*o + 79. Suppose -3*a = 2*a - 40. What is the greatest common factor of a and p?
4
Let l = -12 + 37. What is the highest common divisor of 25 and l?
25
Let y = -70 - -85. Let t be (-3)/(2/(0 - 10)). Calculate the highest common divisor of y and t.
15
Let a(u) = 21*u. Let d be a(2). Let s be 2/1 + (-6)/(-3). Suppose -s*b + 2 = -z, -z - 3*b = 4*z - 36. Calculate the highest common factor of z and d.
6
Let z(m) = m**2 + 11*m - 1. Let l be z(-12). Suppose -t = -2 - l. What is the greatest common factor of t and 39?
13
Let a(l) = -2*l + 1. Let u be a(-12). Let f = u - -11. Let k = -18 + f. What is the highest common divisor of k and 6?
6
Let v = 80 + -55. Let s = 35 - v. Calculate the greatest common factor of s and 40.
10
Suppose 5*t = 5*i - 55, 4*i + t + 0*t - 59 = 0. What is the highest common factor of 112 and i?
14
Let m be 6*(3 - (-10)/(-4)). Suppose -4*g = -5*x - 149, 110 = 3*g + x - m*x. Calculate the highest common factor of g and 9.
9
Let o(p) = 2*p - 7. Let n(x) = 1. Let y(j) = -6*n(j) + o(j). Let q be y(9). What is the greatest common factor of 55 and q?
5
Let b be (5 - 2)*(-39)/(-9). Let t = -8 + b. Suppose -x - c = -34, -2*c + 34 = 3*x - 69. What is the highest common factor of t and x?
5
Let c(k) be the first derivative of -143*k**4/4 + k**3/3 + k**2 + k + 3. Let q be c(-1). Calculate the highest common divisor of q and 13.
13
Let v be -1*3/(9/(-6)). Suppose 0 = -v*f + 4. Suppose f = l - 9. Calculate the greatest common divisor of 77 and l.
11
Suppose -91 = -3*t + 35. Let a = t + 3. Calculate the greatest common divisor of 9 and a.
9
Let g = -4 - -4. Let h = 2 + g. Let v = 11 - h. Calculate the greatest common factor of 36 and v.
9
Let t be (-4)/(-10) + 13/5. Suppose -t*l + 113 = -103. What is the highest common divisor of 9 and l?
9
Let y = -22 - -130. What is the highest common factor of 12 and y?
12
Suppose -5*m = -m - 176. Let w be (5/(-15))/((-2)/60). Let a be ((-4)/w)/((-1)/10). Calculate the highest common divisor of m and a.
4
Let a be 12/(-8) + (-145)/(-10). Suppose -4*n - 887 = -u, -5*n + 2*u - 57 = 1048. Let j = 327 + n. What is the greatest common divisor of j and a?
13
Let g(x) = x**2 + 2*x + 6. Let w be g(-6). What is the greatest common factor of 45 and w?
15
Let a = 36 + -6. Let u be (1 + 8/(-12))*a. Calculate the highest common divisor of 2 and u.
2
Let w(i) = -4*i + 6. Let d be w(-6). Suppose -5*y + y + 8 = 0. Suppose y*k = 5*n + 62, -3*n + 0*n = -k + d. What is the highest common divisor of 24 and k?
12
Let a(g) = -g - 7. Let l be a(-6). Let k be (-5)/((0 + l)/1). Calculate the greatest common factor of 5 and k.
5
Suppose -4*q + q + 3 = 0. Let g = 0 + q. What is the greatest common factor of g and 1?
1
Let w(l) = -l**2 + 17*l + 4. Let q be w(17). Calculate the highest common factor of 1 and q.
1
Let o(w) = w**2 + w - 3. Let n be o(0). Let m be n/15 + (-151)/(-5). What is the greatest common divisor of m and 10?
10
Let i = 8 + 2. What is the highest common factor of i and 50?
10
Let v be ((-11)/3)/(4/(-24)). Suppose -4*t - 4*c + 435 = -3*c, 200 = 2*t + 4*c. What is the greatest common factor of t and v?
22
Let b be (-6 + 22)/((-1)/(-2)). Let x(r) = -r**2 - 7*r - 2. Let s be x(-5). Calculate the greatest common factor of s and b.
8
Let m be (2/3)/(4/30). Calculate the greatest common divisor of m and 5.
5
Let f(m) = -2*m + 5*m**2 + m**3 - 3 - m + 8. Let b be f(-5). Let y be 5 + 3/(-1) - (-2 - 0). Calculate the highest common divisor of b and y.
4
Suppose 3*v = -5*o + 119, 2*v - 75 = -3*o - v. Calculate the greatest common factor of 4 and o.
2
Let j(p) = p**3 + 5*p**2 + 7*p - 2. Let v be 2 + -9 + (-4)/(-2). Let f be j(v). Let g = -19 - f. What is the greatest common factor of g and 45?
9
Let u(q) = q**3 + 9*q**2 + 2*q - 12. Let y be u(-8). What is the highest common divisor of y and 36?
36
Suppose -5*l = 5, 5*y = 2*y - 5*l + 37. What is the highest common divisor of y and 14?
14
Let x(p) = p**3 + 6*p**2 - 4*p + 6. Let f be x(-8). Let o = -40 - f. What is the highest common divisor of 20 and o?
10
Suppose 5*s + 0*s = 25. Let x(z) = -z + 4. Let y be x(6). Let t be y - (-5)/(5/42). Calculate the highest common factor of t and s.
5
Let z(x) = x - 3. Let d be z(7). Suppose g - 55 = -5*p, -p + 2*g + 27 = 5. Calculate the highest common factor of d and p.
4
Let w = 4 + 2. Let o = -492 - -495. What is the greatest common divisor of o and w?
3
Let f = -5 + 16. What is the highest common divisor of 1 and f?
1
Suppose 4*d - 84 = 20. Suppose 4*x = d + 74. Suppose -6*y + y = -x, 2*j - 2*y + 4 = 0. What is the highest common factor of 6 and j?
3
Let p be -3 + 1/(-2)*10. Let j(v) = v**2 + 6*v + 6. Let k be j(p). Let l = k - 11. Calculate the highest common factor of 99 and l.
11
Let t(j) = 25*j + 2. Let i be t(1). Let o be (i*-3)/(-3) - 3. What is the highest common divisor of 12 and o?
12
Suppose 7*h + 27 = 8*h. What is the greatest common divisor of h and 297?
27
Let r = 3 + 12. Let v(u) = -u**3 - 12*u**2 - 5*u - 15. Let x be v(-12). What is the highest common factor of x and r?
15
Suppose 4*y + 2*b - 54 = 4*b, -b = -y + 15. Let d be 6/4 + 246/y. Calculate the highest common divisor of 55 and d.
11
Let q(r) = 11*r + 3. Let k be q(3). Let x be (-4 - -2)*(-12)/8. Suppose 3*g = 3*d - 75, -45 = d - 3*d - x*g. Calculate the greatest common factor of d and k.
12
Let m(a) = -a**2 + 7*a + 4. Let t be m(4). Let v(u) = u**3 - 7*u**2 - 6*u - 8. Let h be v(8). What is the greatest common factor of h and t?
8
Suppose -2*v = 2*v - 4*x - 16, 5*v = -4*x + 11. Let w(m) = m**3 + 3*m**2 - 3. Let q be w(v). Calculate the highest common divisor of 17 and q.
17
Suppose 0 = -3*w + 8*g - 3*g + 363, -381 = -3*w - g. Calculate the greatest common divisor of 84 and w.
42
Let g(l) = -l**3 - 4*l**2 - 6*l - 5. Let a be g(-5). Let d = 47 + -37. Calculate the greatest common factor of d and a.
10
Let p(n) = n - 2*n - 4*n - 5 - n**2. Let v be p(-4). Let g(s) = -143*s + 1. Let d be g(v). Calculate the greatest common factor of d and 18.
18
Suppose k - 19 = 2*k. Let c = 49 + k. What is the highest common divisor of 12 and c?
6
Suppose h + 67 = 81. Suppose 3*g + 2*g - 140 = 0. Calculate the greatest common divisor of h and g.
14
Let g(j) = -2*j + 42. Let w be g(15). What is the highest common divisor of w and 96?
12
Suppose -53 = -4*h + 55. Let u(o) = -4*o - 6